100 = -j. Is g a composite number?
False
Suppose -7*a - 32 = -5*a. Let c(k) = 3*k**2 - 9*k - 35. Is c(a) a composite number?
False
Let u(r) = -83*r - 18. Let v be u(-22). Suppose 0 = -4*a + f - 3*f + v, -4*f - 1832 = -4*a. Is a composite?
True
Suppose 24*x - 132725 - 466963 = 0. Is x a prime number?
False
Suppose 97*j - 102*j + 905 = 0. Is j prime?
True
Let i be 0/((2 + -4)*1). Suppose i = -2*a + 11 + 3. Is a prime?
True
Suppose 0 = -i - 5, 4*i = -4*p + i - 63. Is -22*6/(-2)*p/(-24) a prime number?
False
Suppose 2*p + 0 + 6 = 2*t, -3*p + t + 1 = 0. Suppose -d = p, 6*y - 3*d - 36 = y. Is (388/y)/((-4)/(-18)) prime?
False
Suppose 4*l = -y - 1, 1 + 13 = 3*y - 5*l. Suppose -5*w + y*d - 1572 + 6838 = 0, 4223 = 4*w + d. Is w a composite number?
True
Suppose 5 = 9*m - 13. Suppose -4*w - 3999 = -3*x, 0 = 8*x - 3*x - m*w - 6679. Is x prime?
False
Let i(u) = -u**3 + 9*u**2 + 11*u - 9. Let h be i(10). Let b be (h - -2)/((-27)/(-18)). Suppose b*c + 2*c - 644 = 0. Is c a prime number?
False
Let w = 428 + -250. Let t = 813 - w. Is t a prime number?
False
Let r(x) = 3*x**3 - 5*x**2 + 13. Let g be 4/14 + 94/14. Is r(g) prime?
True
Suppose -1116*r = -1117*r + 17717. Is r prime?
False
Let n be (1183/(-2))/(2/(-4)). Suppose m - 50 - n = 0. Is 1/4 - m/(-12) a prime number?
True
Let h be (-4)/18 - 170/45. Let g(m) = m**3 + 4*m**2 - 9*m + 2. Is g(h) a prime number?
False
Let f be ((-2268)/6)/((-2)/(-8)). Let y = f - -3025. Is y a prime number?
False
Let l = 5 + -7. Let a = 5 - l. Suppose a*z - 2*z - 635 = 0. Is z a composite number?
False
Let n be -3*(-2 + 3) + 59. Suppose n*l = 61*l - 3115. Is l a composite number?
True
Let n(l) = -l + 3. Suppose -3*s + 2*y + 10 = -3*y, 0 = 2*s - 3*y - 7. Let p be n(s). Let w(f) = 6*f**2 + 2*f + 1. Is w(p) a composite number?
True
Let j be (-36)/(-15)*(-20)/(-6). Let n(i) = -i**2 + 6*i + 5. Let l be n(j). Let u = l - -108. Is u prime?
True
Suppose 11 = 3*z - 0*z - 2*u, -5*z + 10 = -5*u. Let t(a) = 4*a + 1 - 3*a + 16*a**2 + z + 4*a. Is t(-7) prime?
True
Suppose 11*b + 99515 = 24*b. Is b prime?
False
Suppose 0 = 5*g - 3*j - 4, 2*g + 0*j + 2*j = 8. Let m be 2 - 2 - -1*267. Suppose 0 = -g*u - u + m. Is u prime?
True
Suppose 4*y + 58 = -2*k, 0 = -2*y + k - 6*k - 33. Let x(n) = -111*n**2 - 5*n - 13. Let s be x(6). Is s/y - 6/4 a prime number?
False
Let g = 21 - 19. Suppose g*p + 3 = p. Is 447*(-1 - (p + 1)) composite?
True
Suppose -2*g + 6820 = -5*y, -3*y + 5377 = 3*g - 4874. Is g a composite number?
True
Suppose 12 - 4 = -4*c. Let o(z) = -69*z**3 - 2*z**2 + 2*z + 1. Is o(c) composite?
False
Let p(z) = z. Let g(w) = 5*w - 2. Let r(f) = g(f) - 6*p(f). Let i be r(-4). Suppose -b + 0 = -3*j + 15, 4*j - 22 = i*b. Is j prime?
False
Suppose 23*q - 333382 = -101565. Is q prime?
True
Let h(d) = 939*d**2 - 17*d + 3. Is h(4) prime?
False
Suppose 7*m = 13*m - 33378. Is m composite?
False
Let n(g) = -g**2 - 10*g + 9. Let i be n(-9). Let f = -20 + i. Is 9 - f*(-3 - -4) composite?
False
Suppose 2*n - 15803 = -3*a, -10325 = -2*n - 2*a + 5483. Is n composite?
True
Suppose -4*s = -3*l - 2*l + 37610, 3*l - 22574 = 4*s. Suppose -8*u - l = -23030. Is u prime?
False
Let k(w) = w**3 + 38*w - 18*w - 5 - 8*w**2 - 24*w. Is k(11) composite?
True
Suppose 0 = 18*b - 103430 - 37276. Is b prime?
True
Let p(w) = 7*w**2 + 27*w + 19. Let q be p(21). Suppose -8*z + q = 497. Is z a prime number?
True
Let j(t) = -16971*t - 143. Is j(-4) composite?
False
Suppose 4*g - 29*g + 190175 = 0. Is g a prime number?
True
Let p be 159/2*(5 + (-15)/9). Let t = 752 - p. Is t prime?
True
Let h = -1 - -3. Let c(f) = 17*f - 5 + h + 116*f. Is c(8) composite?
False
Let g(w) = -5*w**3 - 2*w**2 - 12*w - 39. Let c be g(-5). Suppose 18 = 2*r - 6*r + 2*x, 4*r = -4*x. Is (-1)/(-3) - c/r a composite number?
False
Let j = -282 + 679. Is j a prime number?
True
Let n(m) = -43*m - 37. Is n(-12) a prime number?
True
Let l = 1127 - 3726. Let a = -1778 - l. Suppose -7*p = -a - 1230. Is p a prime number?
True
Let l = -75 + 50. Let u = 112 + l. Is u a prime number?
False
Suppose -5*t - 3*z + 19 = -0*t, 2*t + 5*z = 0. Suppose -t*k - 5*h - 23607 + 1332 = 0, -13359 = 3*k + h. Let m = -3055 - k. Is m a prime number?
False
Is (-25736)/(-24) + (8/3 - 2) composite?
True
Suppose -4*i + 10 = i. Let j(u) = -2 + 4*u - u**i - 1 + 2*u**2 + 6*u**2. Is j(-8) prime?
False
Let z(n) = -n**3 - 6*n**2 + 8*n + 9. Let o be z(-7). Let m(h) = -2*h**2 + 11*h**o + 2*h**2 + h + 4 - h**2. Is m(5) prime?
False
Let f be ((-6)/(-1))/(-1 + 3). Suppose 2*w = -f*w + 10. Is 6123/91 + w/(-7) a composite number?
False
Suppose -14 = -5*b + 4*b. Let c = b - 17. Is c/((3/379)/(-1)) a prime number?
True
Let i(q) = 28*q + 8. Let x be 3 + (2 - 2/(-1)). Let b be i(x). Suppose -4*y + 304 + b = 0. Is y composite?
False
Let t(u) = u**2 + u. Let y(b) = 39*b - 5 + 5*b**2 + 4 - 18*b. Let r(w) = 6*t(w) - y(w). Is r(18) prime?
False
Suppose -261825 = -5*j - 5*r, -3*r - 83789 = -2*j + 20961. Is j a composite number?
False
Let b be 4/((-16)/26)*2. Let u = b + 6. Is ((-19)/(-3))/(u/(-21)) a composite number?
False
Is ((-70)/(-70))/((1/(-2129))/(-1)) a composite number?
False
Suppose h + 2*h + 5*w - 85067 = 0, -7*h + 198435 = -2*w. Is h prime?
True
Is (318927/(-14))/((-15)/10) a composite number?
False
Suppose -12*h - 75720 = -52*h. Is h prime?
False
Let n be 3/1*(-645)/(-45). Let l(w) = w**3 + 6*w**2 - 7*w - 6. Let r be l(-5). Let x = n + r. Is x prime?
True
Let f(u) be the first derivative of -u**5/15 - u**4/12 + 5*u**3/3 - 5. Let x(a) be the third derivative of f(a). Is x(-5) prime?
False
Let l(d) = -d**3 - 9*d**2 - 8*d. Let r = -11 + 3. Let v be l(r). Suppose 4*i - 4*k - 2064 = 0, -i = 5*k - v*k - 522. Is i a prime number?
False
Is (118651/26)/(1/2) a prime number?
True
Let h = -16203 + 40174. Is h a composite number?
False
Suppose 3*f = g + 23402, -20*f - 15598 = -22*f + 4*g. Is f composite?
True
Let q(t) = -21905*t - 54. Is q(-1) a composite number?
False
Let r be ((-216)/(-15))/((-3)/(-10)). Let f be (r/(-60))/(1/(-170)). Let g = f - -27. Is g a prime number?
True
Let x(s) = s**3 - 17*s**2 - 17*s - 15. Let b be x(18). Is (-9)/(-3) - (1 + -313*b) a composite number?
False
Suppose -5*r = -r. Suppose r = 4*m - 2*m + 2056. Let x = m + 1441. Is x composite?
True
Let u(c) = -c**3 - c. Let x(z) = -224*z**3 + 5*z**2 + 6*z + 3. Let k(o) = 2*u(o) + x(o). Is k(-2) composite?
False
Let p(n) = -n**3 - 7*n**2 - 4*n + 9. Suppose 0*q + 2*q - 6 = 0. Suppose 0 = 4*x + 12, -4*x + 0*x = q*z + 33. Is p(z) composite?
False
Suppose 4*m = 11*m - 79093. Is m composite?
False
Let o = -79 + 389. Let h = 459 - o. Is h prime?
True
Suppose -15402 - 18750 = -24*q. Is q a composite number?
False
Is 10818 - (-1)/(-2 + (-22)/(-10)) composite?
True
Is (6/9)/(8/9084) a prime number?
True
Let w be -1 + (7 - -1)/1. Suppose 3*l + 522 = 5*u + w*l, -2*u + 204 = 4*l. Let p = 297 - u. Is p a composite number?
False
Is (78/52)/((-6)/(-3352)) a prime number?
False
Suppose 2*m - 1 - 80 = r, 3*m = 2*r + 120. Suppose 0 = -2*g - g + m. Suppose 0 = 5*o + g - 199. Is o a prime number?
True
Let d(h) = h**3 - 3*h**2 - 2*h - 2. Let u be d(4). Let k(l) = -9 + 9 + 6*l**2 - 5 + u*l. Is k(-8) a prime number?
True
Let u be 0 + (4 - -1*(3 - -8)). Suppose -5*q + u = 0, -b - 4*q + 8*q = -493. Is b a prime number?
False
Suppose 5 = 4*m - 3, -366 = -h + 3*m. Let r = -457 + 272. Let w = h + r. Is w a composite number?
True
Let t = 102 + 182. Let q be 876/(-5) - 1/(-5). Let f = t + q. Is f a prime number?
True
Suppose -40*f + 38*f = -2*a + 15638, -4 = 2*f. Is a a composite number?
False
Let r(q) = -3*q**3 - q**2 - 6*q - 31. Let y = 66 - 75. Is r(y) a prime number?
True
Suppose 4*i - 12261 = -3*h, 3 = -0*i + i. Is h composite?
True
Suppose -5*f - 4*o - 585 = 0, 4 = o - 1. Let d = f + 215. Is d a prime number?
False
Let n be -3 + (3 - 0) + 3. Suppose 0*h = -n*h. Is (-415)/(-5) + (h - 1) prime?
False
Is ((-25)/(-250) + 6/(-10))*-9458 a prime number?
True
Let z(o) = 4 + 6 - 37*o**2 + 45*o**2 - 2 - 9*o. Is z(7) prime?
True
Let i = 1143 + -1693. Let b = 1767 + i. Is b prime?
True
Let a be (2/(-4))/(-5 + 5476/1096). Suppose -3*q = -j - 992, -2*q + 520 = -5*j - a. Is q prime?
True
Suppose -4*t + 5*t = 5, -2*r + 4*t = -4478. Is r a composite number?
True
Suppose 0 = 4*s - 5*i - 80229, 5*s - 5*i - 54720 - 45560 = 0. Is s a